{"id":16435,"date":"2024-03-01T04:18:37","date_gmt":"2024-03-01T04:18:37","guid":{"rendered":"https:\/\/srbuho.com\/?post_type=product&#038;p=16435"},"modified":"2025-12-02T19:48:14","modified_gmt":"2025-12-02T19:48:14","slug":"perrito","status":"publish","type":"product","link":"https:\/\/srbuho.com\/?product=perrito","title":{"rendered":"Perrito"},"content":{"rendered":"<p>Libreta tapa blanda 15,5\u00d721 cm. (40 hojas) Bond de 75g con ret\u00edcula de l\u00edneas. Costura expuesta con hilo encerado. Ideal para tomar tus notas en cualquier lugar sin llevar tanto peso en tu bolso o maleta.<\/p>\n","protected":false},"excerpt":{"rendered":"<p>Libreta tapa blanda 15,5\u00d721 cm. (40 hojas) Bond de 75g con ret\u00edcula de l\u00edneas. Costura expuesta con hilo encerado. Ideal<\/p>\n","protected":false},"featured_media":16431,"comment_status":"open","ping_status":"closed","template":"","meta":[],"product_cat":[71],"product_tag":[],"_links":{"self":[{"href":"https:\/\/srbuho.com\/index.php?rest_route=\/wp\/v2\/product\/16435"}],"collection":[{"href":"https:\/\/srbuho.com\/index.php?rest_route=\/wp\/v2\/product"}],"about":[{"href":"https:\/\/srbuho.com\/index.php?rest_route=\/wp\/v2\/types\/product"}],"replies":[{"embeddable":true,"href":"https:\/\/srbuho.com\/index.php?rest_route=%2Fwp%2Fv2%2Fcomments&post=16435"}],"version-history":[{"count":1,"href":"https:\/\/srbuho.com\/index.php?rest_route=\/wp\/v2\/product\/16435\/revisions"}],"predecessor-version":[{"id":16436,"href":"https:\/\/srbuho.com\/index.php?rest_route=\/wp\/v2\/product\/16435\/revisions\/16436"}],"wp:featuredmedia":[{"embeddable":true,"href":"https:\/\/srbuho.com\/index.php?rest_route=\/wp\/v2\/media\/16431"}],"wp:attachment":[{"href":"https:\/\/srbuho.com\/index.php?rest_route=%2Fwp%2Fv2%2Fmedia&parent=16435"}],"wp:term":[{"taxonomy":"product_cat","embeddable":true,"href":"https:\/\/srbuho.com\/index.php?rest_route=%2Fwp%2Fv2%2Fproduct_cat&post=16435"},{"taxonomy":"product_tag","embeddable":true,"href":"https:\/\/srbuho.com\/index.php?rest_route=%2Fwp%2Fv2%2Fproduct_tag&post=16435"}],"curies":[{"name":"wp","href":"https:\/\/api.w.org\/{rel}","templated":true}]}}