{"id":16456,"date":"2024-03-15T20:55:12","date_gmt":"2024-03-15T20:55:12","guid":{"rendered":"https:\/\/srbuho.com\/?post_type=product&#038;p=16456"},"modified":"2024-04-09T01:21:26","modified_gmt":"2024-04-09T01:21:26","slug":"16456","status":"publish","type":"product","link":"https:\/\/srbuho.com\/?product=16456","title":{"rendered":"Mug Team Caf\u00e9"},"content":{"rendered":"<p>Una taza para que disfrutes cada sorbo y cada minuto de caf\u00e9. Taza en cer\u00e1mica de 12 Oz\u00a0 blanca (interior de color azul claro) con estampado al calor con personajes ilustrados que hacen parte del mundo &#8220;Team Caf\u00e9&#8221;. La taza no incluye caf\u00e9, pero al menos si te sacar\u00e1 una sonrisa cuando la destapes y le des un nuevo estilo a tu momento del d\u00eda favorito. Si no eres Team Caf\u00e9 , se vale obsequiarla a alguien especial.\u00a0 Incluye Pack\u00a0 que contiene 10 Stickers con los personajes del Team Caf\u00e9.<\/p>\n<p>&nbsp;<\/p>\n","protected":false},"excerpt":{"rendered":"<p>Una taza para que disfrutes cada sorbo y cada minuto de caf\u00e9. Taza en cer\u00e1mica de 12 Oz\u00a0 blanca (interior<\/p>\n","protected":false},"featured_media":16453,"comment_status":"open","ping_status":"closed","template":"","meta":[],"product_cat":[86],"product_tag":[],"_links":{"self":[{"href":"https:\/\/srbuho.com\/index.php?rest_route=\/wp\/v2\/product\/16456"}],"collection":[{"href":"https:\/\/srbuho.com\/index.php?rest_route=\/wp\/v2\/product"}],"about":[{"href":"https:\/\/srbuho.com\/index.php?rest_route=\/wp\/v2\/types\/product"}],"replies":[{"embeddable":true,"href":"https:\/\/srbuho.com\/index.php?rest_route=%2Fwp%2Fv2%2Fcomments&post=16456"}],"version-history":[{"count":5,"href":"https:\/\/srbuho.com\/index.php?rest_route=\/wp\/v2\/product\/16456\/revisions"}],"predecessor-version":[{"id":16469,"href":"https:\/\/srbuho.com\/index.php?rest_route=\/wp\/v2\/product\/16456\/revisions\/16469"}],"wp:featuredmedia":[{"embeddable":true,"href":"https:\/\/srbuho.com\/index.php?rest_route=\/wp\/v2\/media\/16453"}],"wp:attachment":[{"href":"https:\/\/srbuho.com\/index.php?rest_route=%2Fwp%2Fv2%2Fmedia&parent=16456"}],"wp:term":[{"taxonomy":"product_cat","embeddable":true,"href":"https:\/\/srbuho.com\/index.php?rest_route=%2Fwp%2Fv2%2Fproduct_cat&post=16456"},{"taxonomy":"product_tag","embeddable":true,"href":"https:\/\/srbuho.com\/index.php?rest_route=%2Fwp%2Fv2%2Fproduct_tag&post=16456"}],"curies":[{"name":"wp","href":"https:\/\/api.w.org\/{rel}","templated":true}]}}